{"id":787,"date":"2025-10-28T12:24:15","date_gmt":"2025-10-28T11:24:15","guid":{"rendered":"https:\/\/sklep.natchemlab.pl\/?page_id=787"},"modified":"2025-10-28T12:26:09","modified_gmt":"2025-10-28T11:26:09","slug":"kontakt","status":"publish","type":"page","link":"https:\/\/sklep.natchemlab.pl\/index.php\/kontakt\/","title":{"rendered":"Kontakt"},"content":{"rendered":"<h3 class=\"wp-block-heading\">NATCHEMLAB Sp. z o.o.<\/h3><p>Jeste\u015bmy sp\u00f3\u0142k\u0105 spin-off Uniwersytetu Miko\u0142aja Kopernika w Toruniu.<\/p><p>KRS: 0000582641<br>NIP: 9562314056<br>REGON: 362845547<\/p><h4 class=\"wp-block-heading\">Napisz lub zadzwo\u0144:<\/h4><p>ul. Gagarina 7\/47, 87-100 Toru\u0144<br>+48 725 531 439<br>kontakt@natchemlab.pl<\/p><h3 class=\"wp-block-heading\">Nasze produktu kupisz stacjonarnie<\/h3><p>Oto lista miejsc, gdzie Krem Onkologiczny NatChemLab kupisz w sklepach i aptekach stacjonarnych.<\/p><h4 class=\"wp-block-heading\">TORU\u0143<\/h4><p><strong>Apteka Bliska <\/strong>[<a href=\"https:\/\/g.co\/kgs\/a12LsWK\">zobacz w Google<\/a>]<br>ul. Fa\u0142ata 35\/37<br>87-100 Toru\u0144<br>Godziny otwarcia: Pon.-pt.: 08:00 &#8211; 20:00 Sob.: 08:00 &#8211; 15:00<br>Koncesja: WIFBY-DT.8520.1.2.2014<\/p><p><strong>Apteka Bliska Tobie <\/strong>[<a href=\"https:\/\/g.co\/kgs\/7jf2KSC\">zobacz w Google<\/a>]<br>ul. Pozna\u0144ska 73<br>87-100 Toru\u0144<br>Godziny otwarcia: Pon.-pt.: 8:00 &#8211; 20:00 Sob.: 8:00 &#8211; 15:00<br>Koncesja: WIFBY-DT.8520.1.12.2015<\/p><p><strong>Apteka Bliska Tobie <\/strong>[zobacz w Google]<br>ul. Wojska Polskiego 43\/45<br>87-100 Toru\u0144<br>Godziny otwarcia: Pon.-pt.: 08:00 &#8211; 20:00 Sob.: 08:00 &#8211; 15:00<br>Koncesja: WIFBY-DT.8520.1.7.2016<\/p><p><strong>Apteka Bliska Tobie <\/strong>[<a href=\"https:\/\/g.co\/kgs\/yjxHe9c\">zobacz w Google<\/a>]<br>ul. Kwiatowa 1<br>87-100 Toru\u0144<br>Godziny otwarcia: Pon.-pt.: 08:00 &#8211; 20:00 Sob.: 08:00 &#8211; 15:00<br>Koncesja: WIFBY-DT.8520.1.8.2016<\/p>","protected":false},"excerpt":{"rendered":"<p>NATCHEMLAB Sp. z o.o. Jeste\u015bmy sp\u00f3\u0142k\u0105 spin-off Uniwersytetu Miko\u0142aja Kopernika w Toruniu. KRS: 0000582641NIP: 9562314056REGON: 362845547 Napisz lub zadzwo\u0144: ul. Gagarina 7\/47, 87-100 Toru\u0144+48 725 531 439kontakt@natchemlab.pl Nasze produktu kupisz [&hellip;]<\/p>\n","protected":false},"author":1,"featured_media":0,"parent":0,"menu_order":0,"comment_status":"closed","ping_status":"closed","template":"","meta":{"footnotes":""},"class_list":["post-787","page","type-page","status-publish","hentry"],"_links":{"self":[{"href":"https:\/\/sklep.natchemlab.pl\/index.php\/wp-json\/wp\/v2\/pages\/787","targetHints":{"allow":["GET"]}}],"collection":[{"href":"https:\/\/sklep.natchemlab.pl\/index.php\/wp-json\/wp\/v2\/pages"}],"about":[{"href":"https:\/\/sklep.natchemlab.pl\/index.php\/wp-json\/wp\/v2\/types\/page"}],"author":[{"embeddable":true,"href":"https:\/\/sklep.natchemlab.pl\/index.php\/wp-json\/wp\/v2\/users\/1"}],"replies":[{"embeddable":true,"href":"https:\/\/sklep.natchemlab.pl\/index.php\/wp-json\/wp\/v2\/comments?post=787"}],"version-history":[{"count":2,"href":"https:\/\/sklep.natchemlab.pl\/index.php\/wp-json\/wp\/v2\/pages\/787\/revisions"}],"predecessor-version":[{"id":790,"href":"https:\/\/sklep.natchemlab.pl\/index.php\/wp-json\/wp\/v2\/pages\/787\/revisions\/790"}],"wp:attachment":[{"href":"https:\/\/sklep.natchemlab.pl\/index.php\/wp-json\/wp\/v2\/media?parent=787"}],"curies":[{"name":"wp","href":"https:\/\/api.w.org\/{rel}","templated":true}]}}